prime factors of 365743?
7, 52249
What are the prime factors of 4966753?
11, 451523
What are the prime factors of 148918?
2, 7, 11, 967
What are the prime factors of 1925148?
2, 3, 17, 9437
What are the prime factors of 368659?
487, 757
What are the prime factors of 822990?
2, 3, 5, 7, 3919
What are the prime factors of 746194?
2, 509, 733
What are the prime factors of 441436?
2, 110359
What are the prime factors of 28575324?
2, 3, 29, 101, 271
What are the prime factors of 2726292?
2, 3, 227191
What are the prime factors of 939831?
3, 523, 599
List the prime factors of 5079355.
5, 1015871
What are the prime factors of 6182402?
2, 3091201
What are the prime factors of 10623141?
3, 41, 28789
What are the prime factors of 9094758?
2, 3, 43, 35251
What are the prime factors of 6676347?
3, 1433, 1553
What are the prime factors of 25814?
2, 12907
What are the prime factors of 2806656?
2, 3, 7309
What are the prime factors of 3406581?
3, 378509
What are the prime factors of 33600?
2, 3, 5, 7
What are the prime factors of 242951?
127, 1913
What are the prime factors of 296418?
2, 3, 127, 389
What are the prime factors of 396139?
89, 4451
List the prime factors of 423282.
2, 3, 19, 47, 79
List the prime factors of 636113.
197, 3229
List the prime factors of 552050.
2, 5, 61, 181
List the prime factors of 21944440.
2, 5, 7, 181, 433
What are the prime factors of 11574900?
2, 3, 5, 1429
List the prime factors of 1516478.
2, 67, 11317
What are the prime factors of 215548?
2, 53887
What are the prime factors of 262290?
2, 3, 5, 7, 1249
What are the prime factors of 614837?
197, 3121
What are the prime factors of 541707?
3, 180569
List the prime factors of 332903.
332903
What are the prime factors of 698823?
3, 77647
What are the prime factors of 577493?
7, 82499
List the prime factors of 12607.
7, 1801
What are the prime factors of 63285?
3, 5, 4219
What are the prime factors of 83084?
2, 20771
What are the prime factors of 301210?
2, 5, 7, 13, 331
What are the prime factors of 1761941?
1761941
List the prime factors of 559481.
13, 43037
What are the prime factors of 1049332?
2, 19, 13807
What are the prime factors of 107976?
2, 3, 11, 409
List the prime factors of 2884852.
2, 721213
List the prime factors of 173376.
2, 3, 7, 43
What are the prime factors of 770362?
2, 23, 16747
What are the prime factors of 159152?
2, 7, 29
List the prime factors of 242606.
2, 7, 13, 31, 43
List the prime factors of 886269.
3, 29, 61, 167
What are the prime factors of 26090548?
2, 11, 592967
What are the prime factors of 1851243?
3, 59, 10459
What are the prime factors of 2812161?
3, 11, 61, 127
List the prime factors of 3106951.
467, 6653
List the prime factors of 55075.
5, 2203
List the prime factors of 1032176.
2, 31, 2081
List the prime factors of 19949129.
29, 687901
What are the prime factors of 1691814?
2, 3, 457, 617
What are the prime factors of 14608128?
2, 3, 23, 827
What are the prime factors of 319330?
2, 5, 11, 2903
List the prime factors of 19511388.
2, 3, 13, 1069
List the prime factors of 866280.
2, 3, 5, 7219
What are the prime factors of 4026971?
13, 101, 3067
List the prime factors of 430584.
2, 3, 7, 11, 233
What are the prime factors of 120237?
3, 13, 3083
What are the prime factors of 2388177?
3, 11, 17, 43
List the prime factors of 2719880.
2, 5, 97, 701
What are the prime factors of 204053?
419, 487
List the prime factors of 777277.
777277
What are the prime factors of 2552943?
3, 31, 97, 283
What are the prime factors of 1604283?
3, 37, 97, 149
What are the prime factors of 1782645?
3, 5, 118843
List the prime factors of 1781741.
13, 23, 59, 101
List the prime factors of 355824.
2, 3, 7, 353
List the prime factors of 11854542.
2, 3, 7, 17, 16603
List the prime factors of 308351.
19, 16229
List the prime factors of 4562812.
2, 19, 60037
List the prime factors of 51961.
7, 13, 571
What are the prime factors of 2565848?
2, 349, 919
What are the prime factors of 2394122?
2, 37, 32353
List the prime factors of 104858.
2, 13, 37, 109
List the prime factors of 1038556.
2, 259639
List the prime factors of 29243799.
3, 13, 249947
List the prime factors of 1513292.
2, 11, 163, 211
What are the prime factors of 695145?
3, 5, 11, 383
What are the prime factors of 559778?
2, 19, 14731
What are the prime factors of 6013539?
3, 7, 53, 1801
List the prime factors of 83741.
7, 1709
List the prime factors of 819407.
819407
List the prime factors of 284343.
3, 94781
List the prime factors of 996301.
996301
What are the prime factors of 144699?
3, 139, 347
List the prime factors of 1304856.
2, 3, 7, 863
List the prime factors of 15192122.
2, 11, 89, 7759
What are the prime factors of 52279?
23, 2273
What are the prime factors of 839676?
2, 3, 167, 419
What are the prime factors of 4901392?
2, 19, 23, 701
List the prime factors of 25156084.
2, 6289021
List the prime factors of 447410.
2, 5, 44741
List the prime factors of 594317.
79, 7523
List the prime factors of 8128200.
2, 3, 5, 19, 23, 31
What are the prime factors of 266839?
266839
List the prime factors of 185557.
185557
List the prime factors of 77972.
2, 101, 193
List the prime factors of 907234.
2, 453617
List the prime factors of 891354.
2, 3, 53, 2803
What are the prime factors of 3074568?
2, 3, 7, 18301
List the prime factors of 6605021.
97, 149, 457
What are the prime factors of 2927510?
2, 5, 167, 1753
What are the prime factors of 3333605?
5, 11, 60611
What are the prime factors of 18521078?
2, 67, 89, 1553
List the prime factors of 7432170.
2, 3, 5, 247739
What are the prime factors of 120594?
2, 3, 101, 199
List the prime factors of 7121415.
3, 5, 7, 9689
List the prime factors of 3859666.
2, 83, 23251
List the prime factors of 3831054.
2, 3, 37, 17257
What are the prime factors of 699307?
7, 99901
What are the prime factors of 311894?
2, 11, 14177
List the prime factors of 878839.
13, 67, 1009
What are the prime factors of 1346995?
5, 13, 17, 23, 53
What are the prime factors of 141705?
3, 5, 47, 67
List the prime factors of 1455122.
2, 727561
What are the prime factors of 622247?
622247
What are the prime factors of 2052504?
2, 3, 29, 983
List the prime factors of 385742.
2, 7, 59, 467
What are the prime factors of 4049596?
2, 1012399
What are the prime factors of 10329074?
2, 7, 641, 1151
What are the prime factors of 2433323?
2433323
What are the prime factors of 356094?
2, 3, 73, 271
What are the prime factors of 10014293?
10014293
What are the prime factors of 264228?
2, 3, 97, 227
List the prime factors of 3129555.
3, 5, 11, 13, 1459
What are the prime factors of 526019?
13, 43, 941
List the prime factors of 143503.
143503
What are the prime factors of 1368238?
2, 684119
What are the prime factors of 2989554?
2, 3, 498259
List the prime factors of 2571016.
2, 7, 31, 1481
What are the prime factors of 286372?
2, 71593
List the prime factors of 230060.
2, 5, 11503
What are the prime factors of 3791648?
2, 7, 16927
What are the prime factors of 1758893?
1758893
What are the prime factors of 2025535?
5, 193, 2099
What are the prime factors of 6935095?
5, 19, 37, 1973
What are the prime factors of 56807?
56807
List the prime factors of 7149957.
3, 1129, 2111
List the prime factors of 755412.
2, 3, 7, 17, 23
What are the prime factors of 857516?
2, 11, 19489
What are the prime factors of 44186965?
5, 109, 81077
List the prime factors of 11804839.
11804839
What are the prime factors of 512372?
2, 7, 29, 631
What are the prime factors of 11148?
2, 3, 929
What are the prime factors of 13001872?
2, 13, 17, 3677
What are the prime factors of 878346?
2, 3, 7, 6971
List the prime factors of 3698714.
2, 1849357
List the prime factors of 1790214.
2, 3, 298369
What are the prime factors of 401205?
3, 5, 7, 3821
List the prime factors of 129190.
2, 5, 12919
List the prime factors of 56755.
5, 11351
List the prime factors of 1362024.
2, 3, 18917
List the prime factors of 159331.
137, 1163
List the prime factors of 521387.
23, 22669
List the prime factors of 520333.
11, 47303
What are the prime factors of 1510016?
2, 47, 251
List the prime factors of 2340241.
2340241
List the prime factors of 21979710.
2, 3, 5, 244219
List the prime factors of 327235.
5, 65447
List the prime factors of 1173549.
3, 13, 3009